6))/(2/(-132) - v)?
2, 11
Let m be (-22)/(-66) - 1/3. Suppose m = -13*o + 16*o - 840. List the prime factors of o.
2, 5, 7
Let a(o) = -2 - 10*o + 16*o**2 - o - 6*o**2 - 2*o**3 + 5*o. Let y be a(6). Let k = -25 - y. List the prime factors of k.
5, 17
What are the prime factors of 2/13 + 0 - 16*(-676475)/1300?
2, 23, 181
Let i(y) = -7*y**3 + 34*y**2 + 15*y - 9. Let q(f) = 15*f**3 - 70*f**2 - 32*f + 19. Let t(z) = -7*i(z) - 3*q(z). List the prime factors of t(8).
2, 5, 19
Let m = -15 + 27. Suppose -22*u + 25*u - m = 0. Suppose -4*i = u*f - 384, 5*i = -4*f - 242 + 719. What are the prime factors of i?
3, 31
Suppose 0 = 4*g - 5*g + 3. Suppose -g*v = -22 + 16. Suppose 0 = v*k + k - 222. What are the prime factors of k?
2, 37
Let p(n) = -3*n - 9. Let i be p(-4). Suppose -i*u - 2*u - 220 = 0. Let g = 21 - u. List the prime factors of g.
5, 13
What are the prime factors of 184029/69 + (-130)/1495?
3, 7, 127
What are the prime factors of 11536 + 79/(-13) + 22 + (-6555)/299?
2, 5, 1153
Suppose 2*q = -11*q - 12*q + 648000. What are the prime factors of q?
2, 3, 5
Let d be ((-18)/(-10))/((-27)/(-45)). Suppose -2*l - 2405 = -6*l - 3*m, 1801 = d*l + 5*m. What are the prime factors of l?
2, 7, 43
Suppose -3*f - 31708 = 5*k - 207931, 234964 = 4*f - 3*k. List the prime factors of f.
58741
Suppose -47*z = -43481 - 459701. List the prime factors of z.
2, 53, 101
Let n be 17/(-5)*(-755 - -10). Suppose 0 = -2*r - y + 1259, 5*y + n = 4*r + 4*y. List the prime factors of r.
2, 79
Suppose 10936 = 16*n - 58360. List the prime factors of n.
61, 71
Let f(i) = -i**3 + 114*i**2 + 24*i - 352. What are the prime factors of f(113)?
3, 41
Suppose -2*a + 9 = 3*x, 0 = x - 0*a - 5*a - 3. Let p be (x - (-28)/(-12))/(1/597). Suppose -4*s + 392 = -s + 2*t, 3*s = t + p. List the prime factors of s.
2, 3, 11
Let t be ((-17)/(-17))/(-2 - (-397)/199). Let o be (-27)/108 + t/4. Let l = o + 152. What are the prime factors of l?
2, 3, 17
Suppose -s = 4*u + 54, -u - 21 = -3*s + 7*s. Let h = 12 + u. What are the prime factors of h/(-7) + 3180/35?
7, 13
Suppose 0 = 21*c - 27*c + 2*g + 41570, 0 = c + 3*g - 6945. What are the prime factors of c?
2, 3, 5, 7, 11
What are the prime factors of ((-17 - 70) + 12)*(-1644)/10?
2, 3, 5, 137
Suppose 169*i = 156*i + 188903. Suppose 7933 = 27*o - i. What are the prime factors of o?
2, 13
Let b = 583 - 175. Suppose -2*t + 132 = -b. Let s = t - 160. What are the prime factors of s?
2, 5, 11
Suppose -u + 2 = 4*v - 22, -u - 1 = -v. Suppose -u*l - 72 + 8 = 0. List the prime factors of l/(-24) + ((-746)/(-3))/2.
5
List the prime factors of (-470178)/8*(-36)/27.
3, 8707
Let a(z) be the third derivative of 103*z**4/24 + z**3/3 - 5*z**2. What are the prime factors of a(10)?
2, 3, 43
Suppose 120 = -30*v + 6*v. Let j = 250 + v. What are the prime factors of j?
5, 7
Suppose 12*o = 30002 + 55906. List the prime factors of o.
7159
Let t(x) = 9*x**3 - 3*x**2 - 2*x + 10. Suppose -67 = -4*l - 79. Let k be t(l). Let q = -125 - k. What are the prime factors of q?
3, 43
Let q be ((-24)/30 + 2)/((-4)/(-30)). Let f(a) = 7 - 3*a - 25 + 5*a**2 - 4*a**2 + 0*a**2. What are the prime factors of f(q)?
2, 3
Suppose -140*j + 142*j = 454. Suppose 236*s = j*s + 4968. List the prime factors of s.
2, 3, 23
Let k(n) = -11*n - 126. Let d be k(-12). Suppose -d*u + 312 = -5064. What are the prime factors of u?
2, 7
Suppose -183337 = -4*t - 5*g, -t + 47*g - 45*g + 45818 = 0. List the prime factors of t.
2, 3, 19, 67
Let t(z) = -522*z - 492. List the prime factors of t(-11).
2, 3, 5, 7
Suppose -63477 = -11*p - 34*p + 42453. List the prime factors of p.
2, 11, 107
Suppose 6*i + 5*i = 17*i. Suppose 21*q - 33*q + 5040 = i. What are the prime factors of q?
2, 3, 5, 7
Suppose 4*n + 27524 = p, -51132 - 141661 = -7*p + 3*n. What are the prime factors of p?
2, 11, 313
List the prime factors of 4/(-16) - (114567/(-12) + (0 - -2)).
5, 23, 83
What are the prime factors of (4310/4)/((-19)/(-152))?
2, 5, 431
Let r(n) = 3*n + 34. Let i be r(-11). List the prime factors of ((-20)/50)/(3/(-1665)*i).
2, 3, 37
Let d = 10968 + -4291. What are the prime factors of d?
11, 607
Let l = -267 + 274. Suppose l*m = 10*m - 1809. What are the prime factors of m?
3, 67
Let a(o) = 5*o**2 + 28*o + 112. Let l(f) = f**2 - 3. Let x(d) = a(d) - 4*l(d). What are the prime factors of x(-38)?
2, 3, 7
List the prime factors of (14/(-35))/((-5)/211725).
2, 3, 941
Suppose 11*n + 9 = 14*n, 0 = -4*x - 3*n + 50305. List the prime factors of x.
2, 6287
Let v(j) = -11*j**3 - 6*j**2 + 50*j - 22. List the prime factors of v(-9).
23, 307
Let h be ((-216)/(-3) - 1) + 1. Let m = -60 + h. What are the prime factors of (-4 - 0) + (-18)/m*-50?
71
Suppose 5*p - 77 - 8 = 0. Suppose -12 = 14*z - p*z. Suppose 749 = 11*x - z*x. What are the prime factors of x?
107
Suppose -134 = l - 136. Suppose l*a + 2*n = -a + 74, -5*a + 3*n + 136 = 0. What are the prime factors of a?
2, 13
Suppose -2*d + 16 = -f, -39*f - 32 = -37*f + d. Let i be 4/(-6) - (-3)/(-9). List the prime factors of (-2 - 964/f) + i/4.
2, 29
Let l(u) = -14*u - 36. Let f be l(-6). Let i = f - 49. What are the prime factors of ((-1)/(-3))/(i/(-123))?
41
Let a = 289 - 281. Suppose 3*d - 2050 = 5*q, 0 = a*q - 11*q - 15. What are the prime factors of d?
3, 5
Suppose l - 4*z = 182 + 275, -l - z = -447. Let h = -43 + l. What are the prime factors of h?
2, 7, 29
Let w(f) = 5*f - 29. Let p be w(11). Let i = p + 208. List the prime factors of i.
2, 3, 13
Let k = 97 - 106. Let i(g) = 5*g**2 + 42. List the prime factors of i(k).
3, 149
Suppose 0 = 5*a + 3*p + 66, 0*p = -4*a + 5*p - 38. Let c = -66 - a. List the prime factors of ((-1 - 1) + c)*7/(-14).
2, 7
Suppose 2*n = -x + 16, 0*x - 5*x + 58 = -n. Let w be x/8*(-24)/(-9). Suppose w*m = 4*f + 456, -f + 326 = 3*m - 0*f. What are the prime factors of m?
2, 5, 11
Suppose 7*t = 2*t + 6170. Suppose -6*u + t + 1592 = 0. List the prime factors of u.
3, 157
Let w = -9 + 23. Suppose w*i + 3432 = 27*i. What are the prime factors of i?
2, 3, 11
Let v(d) = -70*d + 206. Let k be v(11). What are the prime factors of (k/10)/(((-8)/(-20))/(-2))?
2, 3, 47
Let w be (1 + 24)*((-59)/5 - -3). Let h = w - -368. Suppose -5*x - h + 593 = 0. What are the prime factors of x?
89
Suppose 5*g = -4*x + 8, -3*x - x - 2*g = -20. Suppose -x*p + 4388 = 608. What are the prime factors of p?
2, 3, 5
Let x(k) be the third derivative of -k**6/120 - k**5/15 + 11*k**4/24 + 5*k**3/6 + 260*k**2. Suppose 1 + 20 = -3*w. What are the prime factors of x(w)?
3, 5
Let i(u) = u**3 + 7*u**2 + 6*u - 3. Let z be i(-5). Suppose 5*o - 17 = -z. Suppose 4*p = o, n - p - 21 = -0*n. What are the prime factors of n?
3, 7
Let m = -2662 - -2649. Suppose -5*r - 24 = 66. Let h = m - r. List the prime factors of h.
5
Let w = 408 + -408. Suppose w*l = l + 3*k - 213, 5*k = 0. What are the prime factors of l?
3, 71
Suppose -21*d + 108610 = -21695. List the prime factors of d.
5, 17, 73
Let d(b) = -b**3 + 10*b**2 + 15*b - 8. Let y be d(7). Let z = 119 + y. What are the prime factors of z?
3, 11
List the prime factors of (-1)/((-3)/(-63)*7) - -34083.
2, 3, 5, 71
What are the prime factors of (-269171)/(-9) - (1302/189 + -7)?
2, 7477
Let y(j) = -3*j - 8. Let u be y(-5). What are the prime factors of 1846/u + (-2)/(-7)?
2, 3, 11
Suppose -112*x + 290448 = 110*x - 186*x. List the prime factors of x.
2, 2017
Suppose 18*v - 13*v = -2*t - 632, -3*t - 967 = -2*v. Let h = 583 + t. List the prime factors of h.
2, 131
Suppose -27 = -8*y + 1317. List the prime factors of (-70)/(-4)*y/5.
2, 3, 7
Let u be 40888/(4 + 4) + 9. Suppose m = -5*g + u, -5*g + 2*m = -m - 5120. List the prime factors of g.
2
Suppose 0*q + 12 = 3*q, 0 = -2*k - q - 108. Let t = 61 + k. Suppose -b + 0*u + 4*u = -13, b = -4*u + t. What are the prime factors of b?
3
Let a(s) = 3*s**3 + 28*s**2 - 7*s + 27. Let w be a(-11). Let u = 1456 + w. What are the prime factors of u?
5, 191
Let r(a) = 56*a + 66. Let v be r(17). Let q = v - 569. What are the prime factors of q?
449
Let o(s) = s**2 + 21*s - 46. Let m be o(-23). Suppose 2*r = 4*r - 2*z - 752, m = -3*z. Let g = r - 198. What are the prime factors of g?
2, 89
Let m = 287 + -750. Let h = m - -722. What are the prime factors of h?
7, 37
Suppose -220*j = -265*j + 1106145. List the prime factors of j.
47, 523
Let q